{"id":3898,"date":"2021-04-11T15:13:14","date_gmt":"2021-04-11T14:13:14","guid":{"rendered":"https:\/\/www.anaoliveira.pt\/?post_type=product&#038;p=3898"},"modified":"2021-04-17T15:57:26","modified_gmt":"2021-04-17T14:57:26","slug":"almofada-broderie-spring","status":"publish","type":"product","link":"https:\/\/www.anaoliveira.pt\/en\/product\/almofada-broderie-spring\/","title":{"rendered":"Almofada Broderie Spring"},"content":{"rendered":"<p>Produto sujeito a encomenda ao fornecedor.<\/p>\n<p>Prazo de entrega estimado 2-4 semanas<\/p>\n<p>NOTA: A imagem pode apresentar varia\u00e7\u00e3o de cor e de tamanho em rela\u00e7\u00e3o ao artigo original<\/p>","protected":false},"excerpt":{"rendered":"<p>Almofada Broderie Vila Nova<\/p>\n<p>Medida: 40&#215;40<\/p>\n<p>Material: algod\u00e3o<\/p>\n<p>Enchimento inclu\u00eddo de penas<\/p>\n<p>Prazo de entrega 2-4 semanas<\/p>","protected":false},"featured_media":3903,"comment_status":"closed","ping_status":"closed","template":"","meta":{"inline_featured_image":false},"product_cat":[103,102],"product_tag":[],"class_list":{"0":"post-3898","1":"product","2":"type-product","3":"status-publish","4":"has-post-thumbnail","6":"product_cat-almofadas","7":"product_cat-texteis","9":"first","10":"instock","11":"taxable","12":"shipping-taxable","13":"purchasable","14":"product-type-simple"},"_links":{"self":[{"href":"https:\/\/www.anaoliveira.pt\/en\/wp-json\/wp\/v2\/product\/3898","targetHints":{"allow":["GET"]}}],"collection":[{"href":"https:\/\/www.anaoliveira.pt\/en\/wp-json\/wp\/v2\/product"}],"about":[{"href":"https:\/\/www.anaoliveira.pt\/en\/wp-json\/wp\/v2\/types\/product"}],"replies":[{"embeddable":true,"href":"https:\/\/www.anaoliveira.pt\/en\/wp-json\/wp\/v2\/comments?post=3898"}],"wp:featuredmedia":[{"embeddable":true,"href":"https:\/\/www.anaoliveira.pt\/en\/wp-json\/wp\/v2\/media\/3903"}],"wp:attachment":[{"href":"https:\/\/www.anaoliveira.pt\/en\/wp-json\/wp\/v2\/media?parent=3898"}],"wp:term":[{"taxonomy":"product_cat","embeddable":true,"href":"https:\/\/www.anaoliveira.pt\/en\/wp-json\/wp\/v2\/product_cat?post=3898"},{"taxonomy":"product_tag","embeddable":true,"href":"https:\/\/www.anaoliveira.pt\/en\/wp-json\/wp\/v2\/product_tag?post=3898"}],"curies":[{"name":"wp","href":"https:\/\/api.w.org\/{rel}","templated":true}]}}

<p>Produto sujeito a encomenda ao fornecedor.</p>
<p>Prazo de entrega estimado 2-4 semanas</p>
<p>NOTA: A imagem pode apresentar variação de cor e de tamanho em relação ao artigo original</p>

<p>Almofada Broderie Vila Nova</p>
<p>Medida: 40&#215;40</p>
<p>Material: algodão</p>
<p>Enchimento incluído de penas</p>
<p>Prazo de entrega 2-4 semanas</p>
