{"id":4017,"date":"2021-04-11T17:36:52","date_gmt":"2021-04-11T16:36:52","guid":{"rendered":"https:\/\/www.anaoliveira.pt\/?post_type=product&#038;p=4017"},"modified":"2021-04-11T18:34:06","modified_gmt":"2021-04-11T17:34:06","slug":"papel-de-parede-frond-cappuccino","status":"publish","type":"product","link":"https:\/\/www.anaoliveira.pt\/en\/product\/papel-de-parede-frond-cappuccino\/","title":{"rendered":"Papel de parede Frond Cappuccino"},"content":{"rendered":"<p>Produto sujeito a encomenda ao fornecedor<\/p>\n<p>Prazo de entrega estimado 3-5 semanas<\/p>\n<p>NOTA: A imagem pode apresentar varia\u00e7\u00e3o de cor e tamanho em rela\u00e7\u00e3o ao artigo original.<\/p>","protected":false},"excerpt":{"rendered":"<p>Papel de parede Frond<\/p>\n<p>Material: Papel lav\u00e1vel<\/p>\n<p>Medida do rolo: 0,52m x 10,05m \/ Rapport: 52cm<\/p>\n<p>Pre\u00e7o por rolo \/Cole\u00e7\u00e3o Ostara Vila Nova<\/p>\n<p>Prazo de entrega estimado 3-5 semanas<\/p>","protected":false},"featured_media":4011,"comment_status":"closed","ping_status":"closed","template":"","meta":{"inline_featured_image":false},"product_cat":[104],"product_tag":[],"class_list":{"0":"post-4017","1":"product","2":"type-product","3":"status-publish","4":"has-post-thumbnail","6":"product_cat-papel-de-parede-2","8":"first","9":"instock","10":"taxable","11":"shipping-taxable","12":"purchasable","13":"product-type-simple"},"_links":{"self":[{"href":"https:\/\/www.anaoliveira.pt\/en\/wp-json\/wp\/v2\/product\/4017","targetHints":{"allow":["GET"]}}],"collection":[{"href":"https:\/\/www.anaoliveira.pt\/en\/wp-json\/wp\/v2\/product"}],"about":[{"href":"https:\/\/www.anaoliveira.pt\/en\/wp-json\/wp\/v2\/types\/product"}],"replies":[{"embeddable":true,"href":"https:\/\/www.anaoliveira.pt\/en\/wp-json\/wp\/v2\/comments?post=4017"}],"wp:featuredmedia":[{"embeddable":true,"href":"https:\/\/www.anaoliveira.pt\/en\/wp-json\/wp\/v2\/media\/4011"}],"wp:attachment":[{"href":"https:\/\/www.anaoliveira.pt\/en\/wp-json\/wp\/v2\/media?parent=4017"}],"wp:term":[{"taxonomy":"product_cat","embeddable":true,"href":"https:\/\/www.anaoliveira.pt\/en\/wp-json\/wp\/v2\/product_cat?post=4017"},{"taxonomy":"product_tag","embeddable":true,"href":"https:\/\/www.anaoliveira.pt\/en\/wp-json\/wp\/v2\/product_tag?post=4017"}],"curies":[{"name":"wp","href":"https:\/\/api.w.org\/{rel}","templated":true}]}}

<p>Produto sujeito a encomenda ao fornecedor</p>
<p>Prazo de entrega estimado 3-5 semanas</p>
<p>NOTA: A imagem pode apresentar variação de cor e tamanho em relação ao artigo original.</p>

<p>Papel de parede Frond</p>
<p>Material: Papel lavável</p>
<p>Medida do rolo: 0,52m x 10,05m / Rapport: 52cm</p>
<p>Preço por rolo /Coleção Ostara Vila Nova</p>
<p>Prazo de entrega estimado 3-5 semanas</p>
